t -20322 (base 5) to base 16.
-539
-1243 (base 7) to base 3
-122111
What is -12010323 (base 4) in base 16?
-613b
Convert 734 (base 11) to base 7.
2402
Convert -1 (base 4) to base 15.
-1
-203101 (base 4) to base 14
-b73
-203131 (base 4) to base 6
-14301
Convert -31b (base 13) to base 3.
-201200
Convert 6465 (base 7) to base 14.
ba5
-4388 (base 15) to base 6
-150115
-342 (base 14) to base 16
-286
4323 (base 5) to base 7
1500
What is -1020 (base 6) in base 10?
-228
1298 (base 16) to base 9
6468
-5a28 (base 14) to base 5
-1000331
5109 (base 10) to base 8
11765
What is -110555 (base 6) in base 3?
-110201222
What is -20225 (base 7) in base 2?
-1001100110111
What is 120303 (base 4) in base 11?
1213
-324 (base 8) to base 14
-112
What is 13a (base 14) in base 11?
206
Convert -1318 (base 10) to base 14.
-6a2
-939 (base 11) to base 5
-14011
Convert -3022132 (base 4) to base 5.
-403313
-2310 (base 5) to base 14
-198
-3033 (base 4) to base 14
-10b
-7635 (base 14) to base 5
-1123211
-44f7 (base 16) to base 12
-a273
What is 12330 (base 6) in base 12?
10a6
Convert -200300 (base 6) to base 5.
-1000120
-5327 (base 16) to base 7
-116030
-232144 (base 6) to base 4
-10313200
712 (base 9) to base 2
1001000010
14111 (base 7) to base 10
3830
What is -22112 (base 3) in base 6?
-1022
Convert -670 (base 14) to base 11.
-a59
Convert 20501 (base 8) to base 3.
102200022
What is 1212324 (base 5) in base 7?
123405
What is -1576 (base 14) in base 5?
-110303
What is -7cd (base 16) in base 9?
-2658
422 (base 7) to base 3
21212
What is 300322 (base 4) in base 2?
110000111010
What is -753 (base 14) in base 11?
-10a4
Convert -860 (base 10) to base 13.
-512
-300432 (base 6) to base 15
-6e62
-6546 (base 7) to base 4
-210201
Convert -134 (base 6) to base 16.
-3a
Convert -102211 (base 3) to base 5.
-2234
Convert 293 (base 14) to base 16.
209
-100110001001 (base 2) to base 3
-10100102
Convert 859a (base 13) to base 9.
27388
230a (base 12) to base 14
15c6
What is -4302 (base 8) in base 10?
-2242
46723 (base 8) to base 13
90b7
165 (base 16) to base 2
101100101
What is -1000101011 (base 2) in base 13?
-339
What is -122120221 (base 3) in base 7?
-52246
What is -2a144 (base 11) in base 6?
-525545
-1342 (base 5) to base 8
-336
What is a94b (base 13) in base 6?
301014
What is -1691 (base 13) in base 9?
-4508
8c94 (base 15) to base 14
ac35
What is -13421 (base 5) in base 2?
-10001010111
Convert 23b7 (base 14) to base 7.
24120
What is 22503 (base 10) in base 5?
1210003
Convert 5214 (base 9) to base 5.
110240
-3032111 (base 4) to base 16
-3395
250144 (base 6) to base 5
1201341
What is -5043 (base 12) in base 2?
-10000111110011
-478 (base 14) to base 5
-12030
Convert -851 (base 9) to base 8.
-1266
Convert 154406 (base 7) to base 6.
352402
What is 8a5 (base 13) in base 3?
2001002
3116 (base 9) to base 10
2283
What is 3342 (base 6) in base 10?
782
-7085 (base 11) to base 15
-2bc5
-2082 (base 9) to base 16
-5fc
-bb0 (base 15) to base 4
-221100
-86 (base 10) to base 14
-62
Convert a4b7 (base 12) to base 6.
215151
159 (base 10) to base 9
186
Convert 266 (base 9) to base 3.
22020
Convert -2868 (base 10) to base 3.
-10221020
Convert -3316 (base 10) to base 3.
-11112211
51362 (base 7) to base 6
134015
-4ab (base 14) to base 12
-65b
82e (base 15) to base 14
95a
-580 (base 12) to base 15
-396
165 (base 10) to base 9
203
-1202 (base 9) to base 12
-625
What is a1a (base 16) in base 3?
10112210
Convert -b05 (base 15) to base 9.
-3355
-24241 (base 7) to base 11
-4809
-12210113 (base 4) to base 5
-1330103
Convert 21121110 (base 3) to base 6.
41403
What is -4b98 (base 14) in base 6?
-141230
Convert 2578 (base 10) to base 2.
101000010010
-42a3 (base 12) to base 16
-1c9b
Convert -10100101101110 (base 2) to base 15.
-3221
What is 141 (base 13) in base 12?
166
c212 (base 15) to base 6
513355
Convert -212212 (base 3) to base 6.
-2552
Convert -204132 (base 5) to base 11.
-5115
-33223 (base 5) to base 9
-3150
What is -11011001111 (base 2) in base 14?
-8c7
31354 (base 6) to base 10
4246
What is -35006 (base 9) in base 2?
-101101100100110
-7614 (base 8) to base 12
-2378
What is -a20 (base 11) in base 7?
-3410
711 (base 15) to base 13
955
-312031 (base 4) to base 15
-1064
What is 34a (base 13) in base 11?
478
What is 50 (base 15) in base 10?
75
What is -7836 (base 12) in base 4?
-3033222
What is 214251 (base 6) in base 11?
12426
What is 45a0 (base 14) in base 9?
17530
Convert 260 (base 11) to base 12.
218
What is -1032211 (base 5) in base 4?
-10112032
Convert 464b (base 12) to base 5.
222320
-a2 (base 15) to base 8
-230
-1110010100 (base 2) to base 6
-4124
What is -1054 (base 9) in base 4?
-30022
-11 (base 7) to base 9
-8
-13353 (base 8) to base 3
-22001022
Convert 402030 (base 5) to base 9.
18453
What is 1299 (base 10) in base 5?
20144
Convert 4e (base 15) to base 4.
1022
Convert -99 (base 13) to base 3.
-11200
20212120 (base 3) to base 6
35110
Convert 512 (base 12) to base 10.
734
What is a59 (base 11) in base 9?
1665
2a11 (base 11) to base 10
3884
What is 35013 (base 6) in base 14?
1b57
Convert 1262 (base 8) to base 4.
22302
Convert 220c (base 14) to base 16.
1704
What is -142 (base 10) in base 13?
-ac
Convert 187 (base 14) to base 7.
630
What is 323b (base 15) in base 14?
3c35
Convert 1747 (base 9) to base 3.
1211121
-188 (base 13) to base 14
-161
6110 (base 7) to base 8
4102
Convert 3984 (base 11) to base 13.
2480
123553 (base 6) to base 12
65b9
Convert 1198 (base 12) to base 15.
8c8
Convert -339b (base 12) to base 5.
-140420
What is -1110001 (base 2) in base 6?
-305
What is -2467 (base 8) in base 3?
-1211110
Convert -422b (base 12) to base 2.
-1110001000011
1143333 (base 5) to base 4
11103112
-2421 (base 13) to base 4
-1033221
What is -44e (base 16) in base 15?
-4d7
Convert 7055 (base 10) to base 3.
100200022
Convert 4332 (base 5) to base 6.
2424
971a (base 12) to base 11
11505
61b (base 14) to base 7
3334
What is 1100111010110 (base 2) in base 8?
14726
What is 3707 (base 10) in base 3?
12002022
Convert -6960 (base 10) to base 9.
-10483
755 (base 13) to base 8
2345
Convert 281 (base 16) to base 14.
33b
What is 1231111 (base 6) in base 15?
149da
Convert 7351 (base 8) to base 14.
1569
-32275 (base 11) to base 9
-71311
a71 (base 16) to base 5
41143
Convert 362a (base 15) to base 3.
120210111
1110 (base 11) to base 4
112313
What is 6509 (base 16) in base 6?
315425
What is -20340 (base 5) in base 3?
-1211211
43330 (base 6) to base 15
1b73
What is 4934 (base 11) in base 10?
6450
Convert 11316 (base 7) to base 13.
1425
Convert -10032 (base 5) to base 16.
-282
-222010 (base 3) to base 4
-23001
Convert 2121010211 (base 3) to base 4.
30132331
What is -1bc (base 14) in base 6?
-1402
-23523 (base 9) to base 16
-3d77
Convert -1853 (base 9) to base 7.
-4104
-1000101011 (base 2) to base 11
-465
-1201001 (base 3) to base 11
-a30
-37060 (base 9) to base 15
-7560
-1424 (base 9) to base 16
-433
What is 101111010101111 (base 2) in base 5?
1233424
11111110011 (base 2) to base 5
31120
What is -2654 (base 8) in base 15?
-66c
-1365 (base 7) to base 16
-219
-9c4 (base 15) to base 9
-3024
Convert -270 (base 8) to base 2.
-10111000
What is 25244 (base 6) in base 10?
3772
111011110 (base 2) to base 14
262
Convert 3a0 (base 13) to base 11.
52a
What is -2022120 (base 3) in base 13?
-9cc
What is e02e (base 15) in base 14?
13342
1307 (base 15) to base 3
12120021
-1308 (base 11) to base 2
-11010100110
What is 1201 (base 8) in base 14?
33b
What is 28b (base 16) in base 11?
542
What is 31053 (base 11) in base 16?
b100
What is 5234 (base 7) in base 4?
130232
Convert -611 (base 7) to base 4.
-10232
What is -3225 (base 6) in base 9?
-1008
666 (base 7) to base 9
420
Convert 10140 (base 5) to base 4.
22132
What is -2330 (base 7) in base 10?
-854
304 (base 10) to base 15
154
What is 16050 (base 8) in base 3?
100212222
666a (base 13) to base 10
14284
Convert -2b2 (base 15) to base 7.
-1541
200302 (base 5) to base 2
1100010110111
-27010 (base 9) to base 8
-43472
What is 257 (base 9) in base 7?
424
Convert -512 (base 10) to base 12.
-368
What is -1224210 (base 5) in base 7?
-126016
Convert -342223 (base 5) to base 7.
-50351
What is -4b32 (base 16) in base 4?
-10230302
67 (base 13) to base 4
1111
What is -2608 (base 12) in base 6?
-32012
Convert -8316 (ba